 270 and 14715?
135
What is the highest common factor of 511 and 112?
7
Calculate the greatest common divisor of 45 and 505.
5
What is the greatest common divisor of 959 and 685?
137
Calculate the greatest common factor of 429 and 13.
13
What is the highest common factor of 30 and 23220?
30
Calculate the highest common factor of 2010 and 30.
30
Calculate the highest common divisor of 11 and 2497.
11
Calculate the highest common factor of 1736 and 7.
7
Calculate the greatest common divisor of 392 and 700.
28
Calculate the greatest common factor of 88 and 1804.
44
Calculate the highest common factor of 14712 and 24.
24
What is the highest common divisor of 507 and 1950?
39
Calculate the highest common factor of 1206 and 18.
18
What is the highest common divisor of 60 and 460?
20
Calculate the highest common factor of 261 and 1247.
29
Calculate the highest common divisor of 110 and 3465.
55
What is the highest common factor of 154 and 7?
7
What is the greatest common divisor of 2376 and 88?
88
Calculate the greatest common factor of 323 and 17.
17
Calculate the greatest common factor of 27 and 504.
9
Calculate the greatest common divisor of 1735 and 7634.
347
Calculate the highest common divisor of 140 and 3240.
20
Calculate the highest common divisor of 357 and 11577.
51
What is the highest common factor of 2968 and 583?
53
What is the greatest common divisor of 87 and 19923?
87
Calculate the greatest common factor of 45 and 1557.
9
Calculate the greatest common factor of 40 and 1000.
40
Calculate the highest common factor of 135 and 1602.
9
What is the greatest common factor of 6 and 1269?
3
Calculate the highest common divisor of 6 and 123.
3
What is the greatest common factor of 2 and 38?
2
What is the greatest common factor of 3168 and 432?
144
What is the highest common factor of 8088 and 48?
24
What is the highest common divisor of 1404 and 416?
52
What is the highest common divisor of 66 and 1650?
66
Calculate the highest common factor of 5568 and 96.
96
Calculate the greatest common factor of 5978 and 84.
14
Calculate the greatest common factor of 1247 and 43.
43
Calculate the highest common factor of 260 and 1690.
130
What is the highest common divisor of 4446 and 4199?
247
Calculate the highest common divisor of 54 and 4563.
27
Calculate the greatest common divisor of 792 and 2024.
88
What is the greatest common divisor of 16 and 1048?
8
What is the highest common divisor of 52 and 28?
4
What is the greatest common divisor of 40 and 80?
40
Calculate the greatest common factor of 105 and 245.
35
What is the highest common divisor of 2 and 34?
2
What is the greatest common factor of 1070 and 130?
10
What is the greatest common divisor of 60 and 270?
30
Calculate the greatest common factor of 8412 and 12.
12
Calculate the greatest common divisor of 1157 and 13.
13
Calculate the greatest common factor of 690 and 30.
30
Calculate the greatest common divisor of 5110 and 1606.
146
Calculate the greatest common factor of 27 and 2.
1
Calculate the highest common factor of 50 and 18050.
50
What is the greatest common factor of 164 and 4018?
82
What is the highest common factor of 12625 and 250?
125
Calculate the highest common divisor of 175 and 75.
25
What is the highest common divisor of 187 and 136?
17
What is the greatest common factor of 18986 and 22?
22
What is the greatest common factor of 28 and 1400?
28
What is the greatest common divisor of 2034 and 54?
18
What is the highest common factor of 15 and 15135?
15
What is the highest common factor of 33 and 528?
33
Calculate the greatest common factor of 272 and 18088.
136
What is the greatest common divisor of 5151 and 1212?
303
What is the greatest common factor of 130 and 50?
10
Calculate the greatest common factor of 147 and 245.
49
Calculate the highest common factor of 160 and 416.
32
Calculate the greatest common factor of 20565 and 15.
15
What is the greatest common divisor of 17 and 459?
17
What is the greatest common factor of 15 and 6615?
15
Calculate the highest common factor of 682 and 88.
22
Calculate the highest common divisor of 21329 and 308.
77
What is the greatest common divisor of 29 and 3567?
29
What is the greatest common divisor of 5 and 15?
5
What is the highest common divisor of 20081 and 43?
43
Calculate the greatest common factor of 62 and 3782.
62
Calculate the greatest common divisor of 1632 and 12.
12
What is the greatest common divisor of 374 and 34?
34
Calculate the highest common divisor of 14 and 406.
14
Calculate the highest common factor of 20 and 44.
4
What is the greatest common divisor of 11374 and 188?
94
What is the greatest common divisor of 8 and 1000?
8
Calculate the greatest common factor of 1088 and 704.
64
What is the greatest common factor of 3081 and 79?
79
Calculate the greatest common factor of 44 and 55.
11
What is the greatest common divisor of 4828 and 68?
68
Calculate the highest common divisor of 513 and 133.
19
What is the highest common divisor of 60 and 564?
12
What is the highest common divisor of 36 and 29556?
36
What is the highest common divisor of 4164 and 12?
12
Calculate the greatest common factor of 2 and 438.
2
Calculate the highest common factor of 80 and 360.
40
Calculate the highest common factor of 91 and 21.
7
Calculate the greatest common divisor of 544 and 17.
17
Calculate the greatest common divisor of 11 and 21.
1
Calculate the greatest common factor of 960 and 45.
15
Calculate the greatest common divisor of 64 and 1424.
16
What is the greatest common divisor of 48279 and 1089?
363
What is the highest common divisor of 4 and 1082?
2
Calculate the highest common factor of 26512 and 16.
16
Calculate the greatest common factor of 20900 and 50.
50
Calculate the greatest common factor of 795 and 106.
53
Calculate the greatest common divisor of 1074 and 6.
6
Calculate the greatest common divisor of 18 and 5274.
18
Calculate the greatest common factor of 640 and 20.
20
Calculate the greatest common factor of 854 and 9028.
122
Calculate the highest common divisor of 1245 and 166.
83
Calculate the greatest common factor of 32 and 52.
4
Calculate the greatest common divisor of 450 and 18.
18
Calculate the highest common factor of 2993 and 511.
73
Calculate the greatest common factor of 114 and 30.
6
Calculate the highest common divisor of 45 and 4221.
9
Calculate the greatest common divisor of 2160 and 135.
135
Calculate the greatest common divisor of 13 and 325.
13
What is the highest common factor of 70 and 100?
10
Calculate the highest common factor of 28 and 4858.
14
Calculate the highest common factor of 1188 and 308.
44
What is the highest common factor of 754 and 58?
58
Calculate the highest common divisor of 84 and 7098.
42
Calculate the highest common factor of 102 and 2091.
51
Calculate the greatest common divisor of 848 and 1113.
53
What is the highest common factor of 1729 and 14?
7
What is the greatest common divisor of 4012 and 2124?
236
Calculate the highest common divisor of 8503 and 44.
11
What is the greatest common factor of 34 and 527?
17
Calculate the greatest common factor of 1037 and 17.
17
What is the highest common divisor of 231 and 189?
21
Calculate the greatest common factor of 143463 and 17.
17
What is the greatest common factor of 128 and 16?
16
Calculate the greatest common factor of 154 and 264.
22
What is the greatest common factor of 3 and 141?
3
Calculate the greatest common factor of 7 and 203.
7
What is the highest common factor of 544 and 1712?
16
What is the greatest common divisor of 2304 and 64?
64
Calculate the highest common factor of 688 and 43.
43
Calculate the highest common factor of 24 and 2904.
24
Calculate the greatest common factor of 140 and 350.
70
Calculate the highest common factor of 55 and 33.
11
Calculate the greatest common factor of 136 and 119.
17
Calculate the greatest common divisor of 5916 and 12.
12
What is the highest common divisor of 228 and 8076?
12
Calculate the highest common factor of 152 and 40.
8
What is the greatest common divisor of 178 and 14507?
89
What is the highest common factor of 1206 and 162?
18
Calculate the greatest common divisor of 1875 and 75.
75
Calculate the highest common factor of 220 and 12056.
44
What is the highest common fac